{"id":1058,"date":"2022-03-31T06:16:29","date_gmt":"2022-03-31T06:16:29","guid":{"rendered":"https:\/\/wordpressriverthemes.com\/aveitelementor\/?page_id=1058"},"modified":"2022-09-22T00:00:39","modified_gmt":"2022-09-22T00:00:39","slug":"contato","status":"publish","type":"page","link":"https:\/\/contabilidadelk.com.br\/index.php\/contato\/","title":{"rendered":"Contato"},"content":{"rendered":"\t\t<div data-elementor-type=\"wp-page\" data-elementor-id=\"1058\" class=\"elementor elementor-1058\">\n\t\t\t\t\t\t\t\t\t<section class=\"elementor-section elementor-top-section elementor-element elementor-element-a224189 elementor-section-full_width elementor-section-height-default elementor-section-height-default\" data-id=\"a224189\" data-element_type=\"section\">\n\t\t\t\t\t\t<div class=\"elementor-container elementor-column-gap-default\">\n\t\t\t\t\t<div class=\"elementor-column elementor-col-100 elementor-top-column elementor-element elementor-element-c8c2534\" data-id=\"c8c2534\" data-element_type=\"column\">\n\t\t\t<div class=\"elementor-widget-wrap elementor-element-populated\">\n\t\t\t\t\t\t\t\t<div class=\"elementor-element elementor-element-6146081 elementor-widget elementor-widget-sth6contact\" data-id=\"6146081\" data-element_type=\"widget\" data-widget_type=\"sth6contact.default\">\n\t\t\t\t<div class=\"elementor-widget-container\">\n\t\t\t\n         <!-- Star Contact Area\n    ============================================= -->\n    <div class=\"contact-area default-padding\">\n        <!-- Fixed BG -->\n        <div class=\"fixed-bg left\">\n            <img decoding=\"async\" src=\"https:\/\/wordpressriverthemes.com\/aveitelementor\/wp-content\/uploads\/2022\/03\/Rectangle-1.png\" alt=\"Shape\">\n        <\/div>\n        <!-- Fixed BG -->\n    \n        <div class=\"container\">\n            <div class=\"contact-items\">\n                <div class=\"row\">\n                    \n                \n                    <div class=\"col-lg-7 contact-box\">\n                        <div class=\"form-items\">\n                            <h5>Nosso Contato<\/h5>\n                            <h2>Queremos ser o seu escrit\u00f3rio de contabilidade<\/h2>\n                            \n                                <div role=\"form\" class=\"wpcf7\" id=\"wpcf7-f1756-o1\" lang=\"en-US\" dir=\"ltr\">\n<div class=\"screen-reader-response\"><p role=\"status\" aria-live=\"polite\" aria-atomic=\"true\"><\/p> <ul><\/ul><\/div>\n<form action=\"\/index.php\/wp-json\/wp\/v2\/pages\/1058#wpcf7-f1756-o1\" method=\"post\" class=\"wpcf7-form init\" novalidate=\"novalidate\" data-status=\"init\">\n<div style=\"display: none;\">\n<input type=\"hidden\" name=\"_wpcf7\" value=\"1756\" \/>\n<input type=\"hidden\" name=\"_wpcf7_version\" value=\"5.6\" \/>\n<input type=\"hidden\" name=\"_wpcf7_locale\" value=\"en_US\" \/>\n<input type=\"hidden\" name=\"_wpcf7_unit_tag\" value=\"wpcf7-f1756-o1\" \/>\n<input type=\"hidden\" name=\"_wpcf7_container_post\" value=\"0\" \/>\n<input type=\"hidden\" name=\"_wpcf7_posted_data_hash\" value=\"\" \/>\n<input type=\"hidden\" name=\"_wpcf7_recaptcha_response\" value=\"\" \/>\n<\/div>\n<div class=\"row\">\n<div class=\"col-lg-12\">\n<div class=\"form-group\">\n<span class=\"wpcf7-form-control-wrap\" data-name=\"your-name\"><input type=\"text\" name=\"your-name\" value=\"\" size=\"40\" class=\"wpcf7-form-control wpcf7-text wpcf7-validates-as-required form-control\" id=\"name\" aria-required=\"true\" aria-invalid=\"false\" placeholder=\"Nome*\" \/><\/span><br \/>\n<span class=\"alert-error\"><\/span>\n<\/div>\n<\/div>\n<\/div>\n<div class=\"row\">\n<div class=\"col-lg-6\">\n<div class=\"form-group\">\n<span class=\"wpcf7-form-control-wrap\" data-name=\"email\"><input type=\"email\" name=\"email\" value=\"\" size=\"40\" class=\"wpcf7-form-control wpcf7-text wpcf7-email wpcf7-validates-as-required wpcf7-validates-as-email form-control\" id=\"email\" aria-required=\"true\" aria-invalid=\"false\" placeholder=\"E-mail*\" \/><\/span><br \/>\n<span class=\"alert-error\"><\/span>\n<\/div>\n<\/div>\n<div class=\"col-lg-6\">\n<div class=\"form-group\">\n<span class=\"wpcf7-form-control-wrap\" data-name=\"phone\"><input type=\"tel\" name=\"phone\" value=\"\" size=\"40\" class=\"wpcf7-form-control wpcf7-text wpcf7-tel wpcf7-validates-as-tel form-control\" id=\"phone\" aria-invalid=\"false\" placeholder=\"WhatsApp*\" \/><\/span><br \/>\n<span class=\"alert-error\"><\/span>\n<\/div>\n<\/div>\n<\/div>\n<div class=\"row\">\n<div class=\"col-lg-12\">\n<div class=\"form-group comments\">\n<span class=\"wpcf7-form-control-wrap\" data-name=\"comments\"><textarea name=\"comments\" cols=\"40\" rows=\"2\" class=\"wpcf7-form-control wpcf7-textarea wpcf7-validates-as-required form-control\" id=\"comments\" aria-required=\"true\" aria-invalid=\"false\" placeholder=\"Mensagem.\"><\/textarea><\/span>\n<\/div>\n<\/div>\n<\/div>\n<div class=\"row\">\n<div class=\"col-lg-12\">\n<button type=\"submit\" name=\"submit\" id=\"submit\">Enviar<\/button>\n<\/div>\n<\/div>\n<p><!-- Alert Message --><\/p>\n<div class=\"col-lg-12 alert-notification\">\n<div id=\"message\" class=\"alert-msg\"><\/div>\n<\/div>\n<div class=\"wpcf7-response-output\" aria-hidden=\"true\"><\/div><\/form><\/div>                            \n                        <\/div>\n                    <\/div>\n\n                    <div class=\"col-lg-5 left-info\">\n                        <div class=\"info-items\">\n                                                    <!-- Single Item -->\n                            <div class=\"item\">\n                                <div class=\"icon\">\n                                    <i class=\"flaticon-location\"><\/i>\n                                <\/div>\n                                <div class=\"info\">\n                                    <h5>Localiza\u00e7\u00e3o<\/h5>\n                                    <p>\n                                        Jo\u00e3o Ac\u00e1cio de Almeida, 237 <br>\nCarapicu\u00edba I 06320-220                                    <\/p>\n                                <\/div>\n                            <\/div>\n                            <!-- End Single Item -->                            <!-- Single Item -->\n                            <div class=\"item\">\n                                <div class=\"icon\">\n                                    <i class=\"flaticon-telephone\"><\/i>\n                                <\/div>\n                                <div class=\"info\">\n                                    <h5>Telefone<\/h5>\n                                    <p>\n                                        11 98283-4271                                    <\/p>\n                                <\/div>\n                            <\/div>\n                            <!-- End Single Item -->                            <!-- Single Item -->\n                            <div class=\"item\">\n                                <div class=\"icon\">\n                                    <i class=\"flaticon-telephone\"><\/i>\n                                <\/div>\n                                <div class=\"info\">\n                                    <h5>E-mail<\/h5>\n                                    <p>\n                                        lkajuda@contabilidadelk.com.br                                    <\/p>\n                                <\/div>\n                            <\/div>\n                            <!-- End Single Item -->                        <\/div>\n                    <\/div>\n                    \n\n                <\/div>\n            <\/div>\n        <\/div>\n    <\/div>\n    <!-- End Contact Area -->\n\n    \t\t<\/div>\n\t\t\t\t<\/div>\n\t\t\t\t\t<\/div>\n\t\t<\/div>\n\t\t\t\t\t\t\t<\/div>\n\t\t<\/section>\n\t\t\t\t<section class=\"elementor-section elementor-top-section elementor-element elementor-element-628680c elementor-section-full_width elementor-section-height-default elementor-section-height-default\" data-id=\"628680c\" data-element_type=\"section\">\n\t\t\t\t\t\t<div class=\"elementor-container elementor-column-gap-default\">\n\t\t\t\t\t<div class=\"elementor-column elementor-col-100 elementor-top-column elementor-element elementor-element-6c56f97\" data-id=\"6c56f97\" data-element_type=\"column\">\n\t\t\t<div class=\"elementor-widget-wrap elementor-element-populated\">\n\t\t\t\t\t\t\t\t<div class=\"elementor-element elementor-element-0fba76d elementor-widget elementor-widget-google_maps\" data-id=\"0fba76d\" data-element_type=\"widget\" data-widget_type=\"google_maps.default\">\n\t\t\t\t<div class=\"elementor-widget-container\">\n\t\t\t<style>\/*! elementor - v3.6.7 - 03-07-2022 *\/\n.elementor-widget-google_maps .elementor-widget-container{overflow:hidden}.elementor-widget-google_maps iframe{height:300px}<\/style>\t\t<div class=\"elementor-custom-embed\">\n\t\t\t<iframe frameborder=\"0\" scrolling=\"no\" marginheight=\"0\" marginwidth=\"0\"\n\t\t\t\t\tsrc=\"https:\/\/maps.google.com\/maps?q=London%20Eye%2C%20London%2C%20United%20Kingdom&#038;t=m&#038;z=10&#038;output=embed&#038;iwloc=near\"\n\t\t\t\t\ttitle=\"London Eye, London, United Kingdom\"\n\t\t\t\t\taria-label=\"London Eye, London, United Kingdom\"\n\t\t\t><\/iframe>\n\t\t<\/div>\n\t\t\t\t<\/div>\n\t\t\t\t<\/div>\n\t\t\t\t\t<\/div>\n\t\t<\/div>\n\t\t\t\t\t\t\t<\/div>\n\t\t<\/section>\n\t\t\t\t\t\t\t<\/div>\n\t\t","protected":false},"excerpt":{"rendered":"<p>Nosso Contato Queremos ser o seu escrit\u00f3rio de contabilidade Enviar Localiza\u00e7\u00e3o Jo\u00e3o Ac\u00e1cio de Almeida, 237 Carapicu\u00edba I 06320-220 Telefone 11 98283-4271 E-mail lkajuda@contabilidadelk.com.br<\/p>\n","protected":false},"author":1,"featured_media":1059,"parent":0,"menu_order":0,"comment_status":"closed","ping_status":"closed","template":"page-templates\/pages.php","meta":{"_joinchat":[],"footnotes":""},"class_list":["post-1058","page","type-page","status-publish","has-post-thumbnail","hentry"],"yoast_head":"<!-- This site is optimized with the Yoast SEO plugin v19.7.1 - https:\/\/yoast.com\/wordpress\/plugins\/seo\/ -->\n<title>Contato - Contabilidade LK<\/title>\n<meta name=\"robots\" content=\"index, follow, max-snippet:-1, max-image-preview:large, max-video-preview:-1\" \/>\n<link rel=\"canonical\" href=\"https:\/\/contabilidadelk.com.br\/index.php\/contato\/\" \/>\n<meta property=\"og:locale\" content=\"pt_BR\" \/>\n<meta property=\"og:type\" content=\"article\" \/>\n<meta property=\"og:title\" content=\"Contato - Contabilidade LK\" \/>\n<meta property=\"og:description\" content=\"Nosso Contato Queremos ser o seu escrit\u00f3rio de contabilidade Enviar Localiza\u00e7\u00e3o Jo\u00e3o Ac\u00e1cio de Almeida, 237 Carapicu\u00edba I 06320-220 Telefone 11 98283-4271 E-mail lkajuda@contabilidadelk.com.br\" \/>\n<meta property=\"og:url\" content=\"https:\/\/contabilidadelk.com.br\/index.php\/contato\/\" \/>\n<meta property=\"og:site_name\" content=\"Contabilidade LK\" \/>\n<meta property=\"article:modified_time\" content=\"2022-09-22T00:00:39+00:00\" \/>\n<meta property=\"og:image\" content=\"https:\/\/contabilidadelk.com.br\/wp-content\/uploads\/2022\/03\/7-1.jpg\" \/>\n\t<meta property=\"og:image:width\" content=\"1900\" \/>\n\t<meta property=\"og:image:height\" content=\"1016\" \/>\n\t<meta property=\"og:image:type\" content=\"image\/jpeg\" \/>\n<meta name=\"twitter:card\" content=\"summary_large_image\" \/>\n<meta name=\"twitter:label1\" content=\"Est. tempo de leitura\" \/>\n\t<meta name=\"twitter:data1\" content=\"1 minuto\" \/>\n<script type=\"application\/ld+json\" class=\"yoast-schema-graph\">{\"@context\":\"https:\/\/schema.org\",\"@graph\":[{\"@type\":\"WebPage\",\"@id\":\"https:\/\/contabilidadelk.com.br\/index.php\/contato\/\",\"url\":\"https:\/\/contabilidadelk.com.br\/index.php\/contato\/\",\"name\":\"Contato - Contabilidade LK\",\"isPartOf\":{\"@id\":\"https:\/\/contabilidadelk.com.br\/#website\"},\"datePublished\":\"2022-03-31T06:16:29+00:00\",\"dateModified\":\"2022-09-22T00:00:39+00:00\",\"breadcrumb\":{\"@id\":\"https:\/\/contabilidadelk.com.br\/index.php\/contato\/#breadcrumb\"},\"inLanguage\":\"pt-BR\",\"potentialAction\":[{\"@type\":\"ReadAction\",\"target\":[\"https:\/\/contabilidadelk.com.br\/index.php\/contato\/\"]}]},{\"@type\":\"BreadcrumbList\",\"@id\":\"https:\/\/contabilidadelk.com.br\/index.php\/contato\/#breadcrumb\",\"itemListElement\":[{\"@type\":\"ListItem\",\"position\":1,\"name\":\"In\u00edcio\",\"item\":\"https:\/\/contabilidadelk.com.br\/\"},{\"@type\":\"ListItem\",\"position\":2,\"name\":\"Contato\"}]},{\"@type\":\"WebSite\",\"@id\":\"https:\/\/contabilidadelk.com.br\/#website\",\"url\":\"https:\/\/contabilidadelk.com.br\/\",\"name\":\"Contabilidade LK\",\"description\":\"\",\"publisher\":{\"@id\":\"https:\/\/contabilidadelk.com.br\/#organization\"},\"potentialAction\":[{\"@type\":\"SearchAction\",\"target\":{\"@type\":\"EntryPoint\",\"urlTemplate\":\"https:\/\/contabilidadelk.com.br\/?s={search_term_string}\"},\"query-input\":\"required name=search_term_string\"}],\"inLanguage\":\"pt-BR\"},{\"@type\":\"Organization\",\"@id\":\"https:\/\/contabilidadelk.com.br\/#organization\",\"name\":\"Contabilidade LK\",\"url\":\"https:\/\/contabilidadelk.com.br\/\",\"sameAs\":[],\"logo\":{\"@type\":\"ImageObject\",\"inLanguage\":\"pt-BR\",\"@id\":\"https:\/\/contabilidadelk.com.br\/#\/schema\/logo\/image\/\",\"url\":\"https:\/\/contabilidadelk.com.br\/wp-content\/uploads\/2022\/07\/logo-geral-site.png\",\"contentUrl\":\"https:\/\/contabilidadelk.com.br\/wp-content\/uploads\/2022\/07\/logo-geral-site.png\",\"width\":500,\"height\":180,\"caption\":\"Contabilidade LK\"},\"image\":{\"@id\":\"https:\/\/contabilidadelk.com.br\/#\/schema\/logo\/image\/\"}}]}<\/script>\n<!-- \/ Yoast SEO plugin. -->","yoast_head_json":{"title":"Contato - Contabilidade LK","robots":{"index":"index","follow":"follow","max-snippet":"max-snippet:-1","max-image-preview":"max-image-preview:large","max-video-preview":"max-video-preview:-1"},"canonical":"https:\/\/contabilidadelk.com.br\/index.php\/contato\/","og_locale":"pt_BR","og_type":"article","og_title":"Contato - Contabilidade LK","og_description":"Nosso Contato Queremos ser o seu escrit\u00f3rio de contabilidade Enviar Localiza\u00e7\u00e3o Jo\u00e3o Ac\u00e1cio de Almeida, 237 Carapicu\u00edba I 06320-220 Telefone 11 98283-4271 E-mail lkajuda@contabilidadelk.com.br","og_url":"https:\/\/contabilidadelk.com.br\/index.php\/contato\/","og_site_name":"Contabilidade LK","article_modified_time":"2022-09-22T00:00:39+00:00","og_image":[{"width":1900,"height":1016,"url":"https:\/\/contabilidadelk.com.br\/wp-content\/uploads\/2022\/03\/7-1.jpg","type":"image\/jpeg"}],"twitter_card":"summary_large_image","twitter_misc":{"Est. tempo de leitura":"1 minuto"},"schema":{"@context":"https:\/\/schema.org","@graph":[{"@type":"WebPage","@id":"https:\/\/contabilidadelk.com.br\/index.php\/contato\/","url":"https:\/\/contabilidadelk.com.br\/index.php\/contato\/","name":"Contato - Contabilidade LK","isPartOf":{"@id":"https:\/\/contabilidadelk.com.br\/#website"},"datePublished":"2022-03-31T06:16:29+00:00","dateModified":"2022-09-22T00:00:39+00:00","breadcrumb":{"@id":"https:\/\/contabilidadelk.com.br\/index.php\/contato\/#breadcrumb"},"inLanguage":"pt-BR","potentialAction":[{"@type":"ReadAction","target":["https:\/\/contabilidadelk.com.br\/index.php\/contato\/"]}]},{"@type":"BreadcrumbList","@id":"https:\/\/contabilidadelk.com.br\/index.php\/contato\/#breadcrumb","itemListElement":[{"@type":"ListItem","position":1,"name":"In\u00edcio","item":"https:\/\/contabilidadelk.com.br\/"},{"@type":"ListItem","position":2,"name":"Contato"}]},{"@type":"WebSite","@id":"https:\/\/contabilidadelk.com.br\/#website","url":"https:\/\/contabilidadelk.com.br\/","name":"Contabilidade LK","description":"","publisher":{"@id":"https:\/\/contabilidadelk.com.br\/#organization"},"potentialAction":[{"@type":"SearchAction","target":{"@type":"EntryPoint","urlTemplate":"https:\/\/contabilidadelk.com.br\/?s={search_term_string}"},"query-input":"required name=search_term_string"}],"inLanguage":"pt-BR"},{"@type":"Organization","@id":"https:\/\/contabilidadelk.com.br\/#organization","name":"Contabilidade LK","url":"https:\/\/contabilidadelk.com.br\/","sameAs":[],"logo":{"@type":"ImageObject","inLanguage":"pt-BR","@id":"https:\/\/contabilidadelk.com.br\/#\/schema\/logo\/image\/","url":"https:\/\/contabilidadelk.com.br\/wp-content\/uploads\/2022\/07\/logo-geral-site.png","contentUrl":"https:\/\/contabilidadelk.com.br\/wp-content\/uploads\/2022\/07\/logo-geral-site.png","width":500,"height":180,"caption":"Contabilidade LK"},"image":{"@id":"https:\/\/contabilidadelk.com.br\/#\/schema\/logo\/image\/"}}]}},"_links":{"self":[{"href":"https:\/\/contabilidadelk.com.br\/index.php\/wp-json\/wp\/v2\/pages\/1058","targetHints":{"allow":["GET"]}}],"collection":[{"href":"https:\/\/contabilidadelk.com.br\/index.php\/wp-json\/wp\/v2\/pages"}],"about":[{"href":"https:\/\/contabilidadelk.com.br\/index.php\/wp-json\/wp\/v2\/types\/page"}],"author":[{"embeddable":true,"href":"https:\/\/contabilidadelk.com.br\/index.php\/wp-json\/wp\/v2\/users\/1"}],"replies":[{"embeddable":true,"href":"https:\/\/contabilidadelk.com.br\/index.php\/wp-json\/wp\/v2\/comments?post=1058"}],"version-history":[{"count":8,"href":"https:\/\/contabilidadelk.com.br\/index.php\/wp-json\/wp\/v2\/pages\/1058\/revisions"}],"predecessor-version":[{"id":2718,"href":"https:\/\/contabilidadelk.com.br\/index.php\/wp-json\/wp\/v2\/pages\/1058\/revisions\/2718"}],"wp:featuredmedia":[{"embeddable":true,"href":"https:\/\/contabilidadelk.com.br\/index.php\/wp-json\/wp\/v2\/media\/1059"}],"wp:attachment":[{"href":"https:\/\/contabilidadelk.com.br\/index.php\/wp-json\/wp\/v2\/media?parent=1058"}],"curies":[{"name":"wp","href":"https:\/\/api.w.org\/{rel}","templated":true}]}}